-18*r. Suppose 4*y + q - 251 = 0, -4*y + r*y + 3*q = -v. What is the units digit of y?
4
Let c = 1005 - 1005. Let s = -10 - -22. Suppose c = 16*f - s*f - 388. What is the units digit of f?
7
Let z be ((-20)/5)/16 - (-101)/4. Suppose 9017 + 10083 = z*a. What is the units digit of a?
4
Suppose 2*j - 7*r - 232 = -5*r, 360 = 3*j + r. Let z = 32 - 59. Let a = j + z. What is the units digit of a?
2
Suppose -61*w = -44*w - 42789. What is the tens digit of w?
1
Let x = -94 - -98. Suppose 2*u - 3*r = -57, -4*u - x*r - 70 = -6. What is the units digit of u/7 + 796/4?
6
Let x be 2/3*21/(-1). Let r(a) = -16*a + 8*a**2 - 27 + a**3 + 2*a + 6*a**2 + 8*a. What is the tens digit of r(x)?
5
Suppose 0 = -4*t - 3*m - 122 - 9, 0 = -5*m - 25. Let j be t/(-9) + 1/18*-4. Suppose r + 10 = -r, 2*x + j*r = 195. What is the tens digit of x?
0
What is the hundreds digit of 11/(-143) - (-190640)/104?
8
Suppose 0 = -n + 5*y + 2179 + 63, -n - 5*y + 2242 = 0. Suppose 11*k = n + 1091. What is the units digit of k?
3
Let f(s) = s**3 + 16*s**2 + 14*s + 6. Let w = -38 - -24. What is the hundreds digit of f(w)?
2
Suppose f = -2*u + 457, -7*f + 3*f = 4*u - 1840. Let s = 1609 - 949. Let m = s - f. What is the hundreds digit of m?
1
Suppose -71*w + 722826 = -384419. What is the ten thousands digit of w?
1
Suppose 0*v - 4*l + 20 = -3*v, 4*l - 20 = 0. Suppose -296 = -p - p. Suppose -2*x = -v*x - p. What is the tens digit of x?
7
Let v(b) = 632*b + 232. Let k be v(13). Suppose -4*l + k = 8*l. What is the hundreds digit of l?
7
Let j(q) = -21*q**2 + 11*q + 6. Let x(p) = 20*p**2 - 10*p - 7. Let y(b) = 2*j(b) + 3*x(b). Let s = 727 + -729. What is the tens digit of y(s)?
7
Suppose 2*w + 0*w = -4*o + 26, -2*w + 5*o = 19. Suppose -2*a + 450 = f, -f - w*f + 1767 = -3*a. What is the tens digit of f?
4
Suppose 12*r - 190 - 98 = 0. Suppose 32*g - r = 34*g. What is the tens digit of (g + 9)*4/3 + 217?
1
Let x = 70 - 68. Let s be (12/(-24))/((-2)/156). What is the units digit of (-132)/(-1) - x - s/(-13)?
3
Let v = 37719 + 2458. What is the hundreds digit of v?
1
Let o(a) = 18*a**2 - 111*a + 985. What is the units digit of o(8)?
9
Let u(q) = -28*q + 20. Let s(n) = n - 1. Let a(j) = -16*s(j) - u(j). Let k be a(4). Let p = 35 + k. What is the tens digit of p?
7
Let f(p) = p**2 + 42*p - 115. What is the tens digit of f(60)?
0
Let g = 39 + 4. Let y = -155 - -117. Let k = g + y. What is the units digit of k?
5
What is the hundreds digit of (38360/(-160))/(((-3)/(-12))/(-1))?
9
Suppose -4*u + 40 = -2*t - 38, 23 = u + 3*t. Suppose -u + 30 = 5*w. What is the units digit of w*18/(-8)*-8?
6
What is the thousands digit of 0 - (36473811/(-759) - 6/(-69))?
8
Let m = -2520 + 7490. What is the thousands digit of m?
4
What is the tens digit of (-17182)/(14 + -3 + -3 + -9)?
8
Suppose 5*r - 19812 = -4*m + 12622, -m + 4*r + 8119 = 0. What is the hundreds digit of m?
1
Let m = 110 + -108. Suppose -3*n = -m*p - 2, 5*n + p = 5*p. Suppose 7*c - 53 = -n. What is the units digit of c?
7
Suppose -2*t - 1502 - 17658 = -4*l, 2*t = 3*l - 14368. What is the hundreds digit of l?
7
Suppose y - 126577 = -5*q, 2*q + 11*y - 13*y - 50626 = 0. What is the ten thousands digit of q?
2
Let g = -815 - -1313. Suppose 82 = 5*r - g. What is the hundreds digit of r?
1
Let m be ((-9)/(-1))/18*19140. Suppose -13*z + 7*z + m = 0. What is the tens digit of z?
9
What is the tens digit of (16/2 - 2) + 1/(1/9335)?
4
What is the ten thousands digit of 70822 - (-7 + (10 - -1))?
7
Let v = -22 + 456. Let f = v - 224. Suppose 275 = 5*h - f. What is the tens digit of h?
9
Suppose -2*h + b + 13 = 1, -20 = -h + 4*b. Suppose -h*i = -4*s, -3*i = i - 8. Suppose s*z - 64 = z. What is the tens digit of z?
6
Suppose 10 = -2*d, -360*k + 4*d = -359*k - 10777. What is the hundreds digit of k?
7
Suppose -8*b = 7*b + 105. What is the tens digit of 14/(-49) - 240*1/b?
3
Let d = -89 - -94. Suppose 0 = -f - f + 5*s + 456, -659 = -3*f - d*s. What is the tens digit of f?
2
Let x be (-3 - -2)*(4 - 6). Suppose -d + x = -l, 3*l - 2*d = -l. Suppose 0 = -l*v + 3*r + 103, v - 40 - 4 = -r. What is the units digit of v?
7
What is the units digit of 10 + -3 - (344303 - 11)/(-6)?
9
Let b(i) = -43*i**2 - 2*i - 2. Let a be b(-1). Let p = a - -39. What is the units digit of 28/4 + 4 + p?
7
Let s = -76961 + 118089. What is the hundreds digit of s?
1
Let x be 2198/8 - 3/(-12). Suppose -o + 0*i - i = 148, 0 = -2*o + 5*i - x. Let z = 212 + o. What is the units digit of z?
7
Suppose -407 = -5*v - 4*h, 4*v - h - 417 = -v. Suppose 68*w + 10185 = v*w. What is the tens digit of w?
7
Suppose 12 = 3*a + l - 4*l, 3*a = 5*l + 18. Let n be -10*(3 - (9/2 - a)). Suppose -z + 46 = u - 2*z, 4*u - 187 = n*z. What is the tens digit of u?
4
Suppose -11*j = -16943 + 5855. Let y = -195 - j. What is the tens digit of ((-1)/(-4))/(-1) + y/(-12)?
0
Let a(q) = 5*q**2 - 11*q - 7 - 28*q**3 + 10*q**2 - 20*q**2 - 14*q**3. What is the hundreds digit of a(-2)?
3
Let q(f) be the first derivative of -49*f**2/2 - 4*f - 3. Let b = -385 + 384. What is the units digit of q(b)?
5
Suppose -718 = -k + 2*s + 2*s, 0 = 5*k + 4*s - 3542. Suppose -k = -2*r + 1026. What is the tens digit of r?
6
Let q(w) = -85*w + 131. Let j be q(-6). Suppose -6550 = -9*u + j. What is the units digit of u?
9
Let n = -9551 + 25069. What is the hundreds digit of n?
5
What is the tens digit of (-6598)/(-16)*-2*1632/(-51)?
9
Let z(b) = -2*b**2 + 46*b + 13. Let j = -105 - -127. Let m be z(j). Suppose 0 = 2*a + 4*k + k - m, 87 = 4*a + k. What is the tens digit of a?
2
Let g(a) = -20147*a**3 + 10*a + 9. What is the thousands digit of g(-1)?
0
Suppose 0 = -3*o + 5711 + 3853. What is the hundreds digit of o?
1
What is the units digit of (-18 - -13736)*(-10)/(-4)?
5
Let h = 442 - 439. Suppose 4*s + 4*c = h*s + 395, 2*c + 1580 = 4*s. What is the hundreds digit of s?
3
What is the hundreds digit of 2039282/56 - (34/(-8) + 4)?
4
Suppose p - n = 3*p - 14, 21 = 3*p + n. Suppose p*i - 108 = 4*i. Suppose -2*w + i = w. What is the tens digit of w?
1
Let i = 110258 - 70820. What is the thousands digit of i?
9
Suppose 1478 + 5074 = 4*o. Let a = -790 + o. What is the hundreds digit of a?
8
Suppose 34*j - 171970 = 13*j + 36539. What is the tens digit of j?
2
Let p(l) = -l**2 + 6*l + 86. Let r be p(-6). Suppose -3*k = 2*q - 1987, r*q - 4*k - 2938 = 11*q. What is the units digit of q?
6
Let t(m) = 537*m**2 + 99*m - 884. What is the thousands digit of t(10)?
3
Let y be -906*(3 - 7/2). Suppose 0 = 7*u - y + 124. Let j = u - 24. What is the tens digit of j?
2
Let h(t) = 15582*t**2 + 758*t - 1517. What is the hundreds digit of h(2)?
3
What is the thousands digit of (407/99)/(-37) + (-326990)/(-18)?
8
Let s(c) = -8*c - 60*c**2 + 3 - 2 + 61*c**2. Let f be s(4). What is the units digit of (-5)/(f/12) + 52?
6
Suppose 886350 - 248488 = 53*u - 484095. What is the units digit of u?
9
Suppose -176*a - 39627 = -213*a. What is the units digit of a?
1
Let d = 343 - 154. Suppose -3*q + 1292 = -14*k + 18*k, 3*q = 5*k - 1615. Suppose 2*t - 5*j - k - 55 = 0, -t = j - d. What is the hundreds digit of t?
1
Suppose 4*u + 0*v - 53 = v, -4*u + 3*v = -55. Suppose 4*w + 914 = -u*p + 16*p, -3*p = 5*w - 923. What is the units digit of p?
6
Let l = 168 - 164. Suppose j + 0 - 90 = v, -l*v = -j + 96. What is the tens digit of j?
8
Let a = -454 - -12563. What is the hundreds digit of a?
1
Let s be (224/(-18))/(-4) - (-9)/(-81). Suppose -s*m + 111 = 3*x, -4*m = -9*m - x + 173. What is the tens digit of m?
3
Suppose 5*u + 5*l = 0, 23 = -5*l + 13. Suppose 3*r - 4*r - 3*q = -1548, 0 = -r + u*q + 1528. What is the hundreds digit of r?
5
Let z(a) = -12*a**2 + 2*a - 2. Let d(g) = -3*g + 47. Let y be d(15). Let l(v) = -v**2. Let f(o) = y*l(o) - z(o). What is the units digit of f(2)?
8
Let u(v) = -v**2 + 17*v - 27. Let r be u(8). Suppose 4*y - 7 = r. Let a(m) = 15*m - 7. What is the hundreds digit of a(y)?
1
Let c(j) = j**3 - 10*j**2 - 2*j + 23. Let u be c(10). Suppose 6*t = u*t + 75. Suppose -t - 299 = -6*y. What is the units digit of y?
4
Suppose -20 + 22 = -v, r - 5878 = 5*v. What is the thousands digit of r?
5
Suppose -834 - 50 = -17*n. Suppose n*v - 62*v = -13250. What is the units digit of v?
5
Let g be (4 - 8) + -2 + 4. What is the tens digit of -2 + ((-3)/6 - 581/g)?
8
Suppose 6*l - l + 10 = 3*s, s +